v). Calculate the greatest common divisor of g and 108.
27
Suppose 0 = -4*k - 10*q + 11*q + 972, 0 = 3*k + 3*q - 714. What is the highest common divisor of k and 8591?
121
Suppose -4*k - 270 = -6*u, -226 = -5*u + 46*k - 43*k. Calculate the highest common factor of 47611 and u.
47
Suppose 0 = -4*n + 12198 + 19078. Suppose -n = -18*r + 3845. What is the highest common factor of 81 and r?
81
Let o(x) = 4 - 3 - 2 + 190*x. Let j be o(1). Let f be 1476/(-1107) + ((-67)/3)/(-1). What is the highest common divisor of f and j?
21
Let w be (1126 - -1)*228/1862*(27 + 1). What is the highest common divisor of 2944 and w?
184
Let x = 150 + -50. Let y = 141 - x. Let i = -3517 + 3599. Calculate the highest common factor of y and i.
41
Let s(z) = 5*z**2 - 5*z - 2. Let f be s(-4). Suppose -173 = -l - 145. What is the highest common divisor of f and l?
14
Suppose -66*p = 140*p - 65*p - 36519. Suppose -267 - 66 = -3*b. Calculate the greatest common factor of b and p.
37
Let z(k) = 56*k**2 - 11*k + 110. Let v be z(8). What is the highest common factor of 6 and v?
6
Let g be (112/3)/(392/1176). What is the greatest common divisor of 581 and g?
7
Suppose 2*d - 319 - 23 = 0. Let r(t) = t**2 + 21*t + 87. Let b be r(-17). What is the highest common divisor of d and b?
19
Let b = 14 - -10. Let j(t) be the second derivative of t**4/12 + t**3/2 - 60*t**2 - 211*t. Let f be j(12). What is the greatest common divisor of f and b?
12
Let g be (-16)/3*(-6 - 0). Suppose 25*d - 44 = 31. Suppose -d*o + 12*n + 27 = 9*n, 3 = o + 5*n. What is the greatest common factor of o and g?
8
Let i(l) = -1 + 13*l + 18*l**2 - 2*l + l**3 + 8. Let h be i(-16). Suppose -4*o = -11*o + h. Calculate the highest common divisor of o and 196.
49
Let l = -159 + 340. Let j = -151 + l. Calculate the highest common divisor of j and 150.
30
Let r(y) = -80 + y**3 + 18*y**2 + 21 - 9*y - 7. Let a be r(-18). Let n be -7*((-18)/21 + 0). What is the highest common factor of n and a?
6
Suppose -2*h = 2*h - 256. Let w = 79 - -3. Let x = w - h. What is the highest common divisor of x and 36?
18
Suppose -36*z = -18*z - 1188. Let q(s) = -3*s + 2. Let h be q(-14). Calculate the highest common divisor of z and h.
22
Let m be -15 + (-322)/(-23) + 0 + 846. Calculate the highest common divisor of m and 55.
5
Let r(f) = 7*f + 74. Let k be r(23). Suppose 143 = 2*o + 2*o - 5*w, -5*o - 5*w + k = 0. What is the highest common divisor of o and 168?
42
Let v = -9633 - -9771. What is the highest common factor of v and 12282?
138
Let t be (380/(-19))/(-10)*16*4. What is the greatest common divisor of 976 and t?
16
Suppose 0 = -60*q + 4039 + 641. Suppose 358 = 8*s - 3074. Calculate the highest common factor of s and q.
39
Suppose 2*m + 4*m - 12 = 0. Let s be 162/12 + 1/m. Suppose 5*l = -5*u + 15, 8*u - 2*l - 22 = 6*u. Calculate the highest common factor of u and s.
7
Let v = 6754 - 3714. What is the highest common divisor of 64 and v?
32
Suppose 5*k + 2*h = -1051, -k + h + 212 = -2*k. Let t = k + 374. Calculate the highest common factor of 22 and t.
11
Suppose -3*v + 293 = -1012. Suppose -b + 5*f = 0, 52*b = 47*b - 3*f + 168. Calculate the greatest common divisor of v and b.
15
Let p = -2515 + 2743. Calculate the highest common factor of 1273 and p.
19
Let q(y) = -y**3 + 13*y**2 - y - 121. Let d be q(12). What is the highest common divisor of 5577 and d?
11
Let u = 368 - 341. Let m be (-2)/(-18) - ((-1914)/u + -1). What is the greatest common factor of m and 252?
36
Let s be 158/(1 + 3 + -2 + 0). Suppose 3*p - s = 77. Calculate the greatest common factor of p and 182.
26
Let a(b) = -3*b**2 + 20*b + 10. Let j be a(7). What is the greatest common divisor of j and 219?
3
Let w(l) = 85*l - 1240. Let i be w(22). What is the highest common divisor of 5250 and i?
210
Let b = -2598 - -4193. Let r(a) = 6*a**2 - 11*a + 16. Let w be r(1). Calculate the greatest common factor of b and w.
11
Let p be ((-102 - -2)/1)/((-200)/(-105) - 2). Calculate the highest common factor of p and 60.
30
Let s be (-2268)/(-10)*2*(42 + 148/(-4)). Calculate the highest common factor of s and 84.
84
Suppose 0 = p - 2*y - 26 + 2, -p = y - 12. Suppose -k = -98 + p. Suppose 2*m + k = 6*m + 2*s, 3*m = -3*s + 57. What is the greatest common factor of m and 11?
11
Suppose s - 17 = 78. Let g(v) = v**2 + 18*v + 4. Let z be g(0). Let i be ((-1197)/252)/((-1)/z). What is the highest common divisor of s and i?
19
Let s = -59 + 146. Suppose -276 = -9*r - s. Let f(c) = 3*c**2 + 7*c - 5. Let k be f(5). What is the highest common divisor of r and k?
21
Suppose -4*a - 5*g + 5024 + 6339 = 0, 0 = -5*a - 9*g + 14223. Calculate the greatest common factor of 96 and a.
48
Suppose -3*a = 3*t - 222, -5*t - 53*a + 382 = -50*a. Let u(k) = 10*k. Let g be u(2). Calculate the greatest common factor of t and g.
20
Suppose 0 = 123*x - 19598 - 14708 + 11920. Calculate the highest common factor of 1664 and x.
26
Let w(l) be the first derivative of -3/4*l**4 - 6*l - 1/2*l**2 + 1/3*l**3 - 26. Let s be w(-2). Calculate the greatest common factor of 16 and s.
8
Let d = 3 - -36. Suppose -2*c + 5*c - d = 0. Suppose -u = -6*u + 715. What is the greatest common divisor of u and c?
13
Let f = -78 - -144. Suppose -3*j = 2*l - 24, -3*j = -3*l + 28 + 23. Suppose p - 41 + l = 2*x, -3*p + 68 = -x. Calculate the greatest common divisor of p and f.
22
Let j be (254 - -1)*34/85. Let h = j - 254. Let d be h/(-57)*(-9)/(-4). What is the greatest common divisor of 30 and d?
6
Let t be -2 - (-2 + -3 + 3). Suppose -7*g + 10*g - 168 = t. Let o be 1/(-3) + (-2947)/(-21). Calculate the greatest common factor of o and g.
28
Let b be 4/10 - (-1496)/10. Suppose -7*a = -104*a + 970. Calculate the greatest common divisor of a and b.
10
Suppose -q + 6 = -4*q. Let x be (-8)/(-2) + -2*21. Let o be (1 - x/q)*-3. Calculate the highest common factor of o and 18.
18
Suppose -5*w - 7*u + 449 = 0, -19*w + 2*u = -16*w - 257. Let g(i) = 2*i**2 - 5*i + 24. Let p be g(10). Calculate the greatest common factor of p and w.
87
Let i(z) = z + 12 - 5*z + 11*z - 6*z + z**3 - 11*z - z**2. Let p be i(4). Calculate the highest common divisor of p and 250.
10
Let a = 78 - 24. Let x(p) = -p**3 + 40*p**2 + 371*p - 198. Let q be x(-9). Calculate the highest common divisor of a and q.
54
Let n = -23017 + 23077. What is the highest common divisor of 132 and n?
12
Let p = -136 - -138. Suppose 49 = p*j + 5*z, -z = -4*j - 2*z + 89. Calculate the greatest common factor of 154 and j.
22
Let v = -15 + 105. Suppose 5*x + 0*b - 28 = -3*b, -x + b + 12 = 0. Let s be (x/(-10))/((-3)/v). Calculate the highest common factor of s and 36.
12
Let q = 6400 - 6398. Let x(w) = -w**2 - 7*w + 6. Let y be x(-7). Suppose -b = -2*c + y, 2 + 13 = 5*c + 5*b. What is the highest common divisor of c and q?
1
Suppose 16*r = 3*s + 620, -17*s + 22 = r - 13*s. Calculate the greatest common factor of 16 and r.
2
Let w be 9*3/45 - 485/(-25). Suppose 0 = m - 2*g - w, -4*g = 1 + 15. What is the highest common divisor of m and 4?
4
Suppose 2838 = 4*n - 5*t, -31*n + 5*t = -32*n + 672. Suppose 10 = v + 3*g - 50, 0 = -v - 5*g + 64. Calculate the greatest common factor of n and v.
54
Suppose 6*q - 8*q + 80 = 0. Let d = 359 + q. Suppose -3*y + 0*y = -d. Calculate the greatest common factor of y and 19.
19
Let p = 51 + -3. Let d(h) = 16*h**2 - 62*h + 2. Let r be d(7). What is the greatest common factor of p and r?
16
Suppose -18*v + 1044 = 198. Let t = v + -33. What is the highest common factor of 56 and t?
14
Suppose 3*p + 11 - 2 = 0, 0 = -4*n + 5*p + 7. Let v be (n - 312/(-3))*(1 - 0). Let k be v + (-9)/(36/(-8)). What is the highest common factor of k and 13?
13
Let m(s) = -609*s + 3858. Let x be m(6). What is the greatest common factor of 2754 and x?
102
Let d = -28553 + 28573. Calculate the greatest common factor of 10705 and d.
5
Let a be (-26)/2*(-3 + (-2 - -2)). Suppose -300 = -44*s + a*s. Let w = s - -281. Calculate the greatest common factor of 31 and w.
31
Let u(f) = 33 + 4006*f + 15 - 4068*f. Let v be u(-8). Calculate the highest common factor of v and 34.
34
Suppose 2*m + 10*b + 4 = 6*b, 0 = 4*m + 3*b + 23. Let i be (m + 9)/((-1)/(-150)). Calculate the highest common factor of 50 and i.
50
Let v = -130 + 240. Let n(m) = m**2 - 27*m - 336. Let c be n(-12). What is the highest com